16 (base 13) to base 9.
-21
-50 (base 15) to base 9
-83
5 (base 14) to base 11
5
d1 (base 16) to base 10
209
What is -103 (base 6) in base 3?
-1110
9 (base 16) to base 15
9
Convert -2 (base 7) to base 8.
-2
Convert 1122 (base 4) to base 2.
1011010
What is 42 (base 5) in base 11?
20
1 (base 10) to base 15
1
-4 (base 14) to base 11
-4
Convert 100001 (base 2) to base 13.
27
What is -11 (base 4) in base 15?
-5
-311 (base 4) to base 2
-110101
What is 11e (base 16) in base 7?
556
Convert -11 (base 10) to base 4.
-23
Convert -3 (base 8) to base 12.
-3
What is -66 (base 11) in base 12?
-60
Convert -1 (base 15) to base 14.
-1
Convert 26 (base 7) to base 3.
202
What is -14 (base 5) in base 2?
-1001
What is 21 (base 9) in base 3?
201
-3 (base 9) to base 14
-3
9 (base 14) to base 7
12
-71 (base 10) to base 8
-107
What is 44 (base 9) in base 14?
2c
What is 8 (base 12) in base 15?
8
-1 (base 16) to base 15
-1
What is -53 (base 14) in base 11?
-67
Convert 11 (base 12) to base 2.
1101
What is -110 (base 6) in base 14?
-30
What is 11 (base 2) in base 10?
3
-26 (base 12) to base 9
-33
What is -1 (base 9) in base 15?
-1
Convert -20 (base 5) to base 11.
-a
What is -3 (base 9) in base 6?
-3
Convert -182 (base 9) to base 4.
-2123
8 (base 14) to base 5
13
What is 26 (base 16) in base 8?
46
Convert 11 (base 4) to base 3.
12
Convert 49 (base 11) to base 9.
58
-2 (base 10) to base 5
-2
What is 2 (base 10) in base 7?
2
-3 (base 14) to base 6
-3
What is 100001 (base 2) in base 9?
36
Convert 21 (base 7) to base 10.
15
Convert 10 (base 3) to base 4.
3
What is 1001 (base 2) in base 4?
21
What is 8 (base 15) in base 8?
10
Convert -2 (base 5) to base 10.
-2
32 (base 4) to base 16
e
What is 110 (base 2) in base 4?
12
Convert 6 (base 11) to base 7.
6
What is -a (base 11) in base 3?
-101
What is -2 (base 6) in base 7?
-2
Convert -4 (base 7) to base 9.
-4
Convert 8 (base 12) to base 5.
13
What is 101 (base 2) in base 6?
5
-c5 (base 16) to base 15
-d2
-451 (base 8) to base 5
-2142
What is -1331 (base 4) in base 7?
-236
Convert -5c (base 14) to base 6.
-214
Convert -12 (base 5) to base 6.
-11
dc (base 15) to base 7
414
-3332 (base 4) to base 14
-142
-11 (base 6) to base 13
-7
-1 (base 16) to base 2
-1
1 (base 4) to base 9
1
Convert -6 (base 8) to base 3.
-20
What is 1 (base 15) in base 5?
1
What is 154 (base 11) in base 3?
20200
What is -1000 (base 2) in base 4?
-20
What is 12 (base 3) in base 13?
5
Convert 3 (base 9) to base 2.
11
-20 (base 14) to base 7
-40
0 (base 12) to base 3
0
41 (base 10) to base 6
105
-25 (base 11) to base 9
-30
Convert -5 (base 15) to base 10.
-5
Convert -3 (base 5) to base 16.
-3
Convert -30 (base 11) to base 8.
-41
Convert 3 (base 12) to base 11.
3
c (base 14) to base 3
110
a (base 11) to base 2
1010
Convert -122 (base 5) to base 15.
-27
-5 (base 9) to base 6
-5
What is -d8 (base 15) in base 16?
-cb
What is 0 (base 4) in base 2?
0
2 (base 7) to base 12
2
What is -1010 (base 2) in base 9?
-11
Convert -12 (base 4) to base 2.
-110
-e (base 15) to base 9
-15
Convert -86 (base 15) to base 14.
-90
3 (base 8) to base 9
3
Convert 6 (base 8) to base 10.
6
-77 (base 8) to base 15
-43
Convert -10001 (base 2) to base 12.
-15
What is 0 (base 4) in base 13?
0
What is 5 (base 15) in base 2?
101
Convert 1 (base 15) to base 10.
1
-175 (base 8) to base 2
-1111101
-7f (base 16) to base 7
-241
-2342 (base 5) to base 2
-101011011
Convert 2 (base 6) to base 5.
2
Convert 211 (base 6) to base 16.
4f
2 (base 11) to base 12
2
Convert 12 (base 13) to base 16.
f
a5 (base 12) to base 9
148
What is -24 (base 7) in base 3?
-200
Convert -69 (base 13) to base 9.
-106
Convert 4 (base 11) to base 10.
4
-3 (base 16) to base 4
-3
What is -34 (base 13) in base 2?
-101011
2 (base 7) to base 14
2
-110 (base 3) to base 12
-10
What is -3 (base 9) in base 6?
-3
2122 (base 3) to base 12
5b
-5b (base 12) to base 6
-155
-2 (base 7) to base 3
-2
What is 3 (base 4) in base 9?
3
What is 10 (base 5) in base 15?
5
-3 (base 12) to base 13
-3
What is 1 (base 6) in base 5?
1
Convert 3 (base 8) to base 13.
3
What is -12 (base 4) in base 10?
-6
-10 (base 4) to base 14
-4
What is 4 (base 10) in base 3?
11
What is 0 (base 14) in base 13?
0
Convert -5 (base 9) to base 8.
-5
7 (base 14) to base 13
7
Convert -1 (base 11) to base 16.
-1
What is -44 (base 9) in base 7?
-55
-2 (base 4) to base 2
-10
3 (base 10) to base 3
10
-311 (base 7) to base 12
-10b
What is -6 (base 8) in base 15?
-6
What is 10 (base 3) in base 13?
3
What is 56 (base 8) in base 4?
232
What is 32 (base 13) in base 9?
45
What is -2 (base 9) in base 13?
-2
What is -5c (base 14) in base 16?
-52
What is -7 (base 16) in base 4?
-13
What is -10 (base 12) in base 8?
-14
3 (base 15) to base 4
3
-10 (base 7) to base 16
-7
What is 3b (base 16) in base 12?
4b
What is -114 (base 10) in base 16?
-72
-3 (base 12) to base 9
-3
1 (base 14) to base 5
1
Convert 2 (base 9) to base 15.
2
0 (base 8) to base 5
0
What is -11 (base 2) in base 13?
-3
Convert -124 (base 5) to base 4.
-213
What is 6 (base 10) in base 7?
6
Convert -1331 (base 4) to base 13.
-98
What is 48 (base 9) in base 11?
40
What is -12 (base 16) in base 11?
-17
What is 1200 (base 3) in base 2?
101101
0 (base 8) to base 10
0
76 (base 8) to base 12
52
-2 (base 6) to base 12
-2
12 (base 8) to base 13
a
Convert -82 (base 14) to base 2.
-1110010
Convert -2a (base 11) to base 15.
-22
Convert -1013 (base 4) to base 11.
-65
What is 3 (base 11) in base 13?
3
Convert -9 (base 16) to base 3.
-100
What is -5 (base 13) in base 9?
-5
Convert -16 (base 7) to base 15.
-d
2 (base 8) to base 2
10
Convert 5 (base 15) to base 2.
101
What is -124 (base 16) in base 10?
-292
14 (base 9) to base 16
d
1 (base 9) to base 4
1
3 (base 6) to base 3
10
1010 (base 2) to base 14
a
Convert 11 (base 3) to base 2.
100
What is 15 (base 6) in base 4?
23
What is 102 (base 7) in base 13?
3c
Convert -4 (base 7) to base 10.
-4
1 (base 14) to base 7
1
Convert -1 (base 2) to base 6.
-1
What is -5 (base 13) in base 11?
-5
7 (base 16) to base 11
7
d (base 15) to base 5
23
What is -14 (base 7) in base 4?
-23
What is -12 (base 14) in base 2?
-10000
Convert 2 (base 14) to base 6.
2
Convert 200 (base 4) to base 15.
22
Convert -b (base 16) to base 9.
-12
Convert -48 (base 14) to base 11.
-59
What is 1 (base 5) in base 10?
1
20110 (base 3) to base 6
450
What is -1 (base 5) in base 14?
-1
What is -1 (base 14) in base 12?
-1
What is -24 (base 10) in base 4?
-120
-1000101 (base 2) to base 8
-105
Convert 59 (base 12) to base 5.
234
10 (base 4) to base 11
4
2 (base 7) to base 5
2
What is -83 (base 10) in base 16?
-53
Convert 3 (base 5) to base 6.
3
Convert 5 (base 11) to base 16.
5
What is 9 (base 16) in base 9?
10
-11210 (base 3) to base 2
-10000001
11 (base 2) to base 5
3
What is -1101100 (base 2) in base 9?
-130
-76 (base 16) to base 7
-226
What is 2a (base 12) in base 16?
22
What is 43 (base 5) in base 2?
10111
Convert -306 (base 7) to base 2.
-10011001
4 (base 13) to base 4
10
What is -1 (base 16) in base 7?
-1
Convert -6 (base 10) to base 12.
-6
Convert 7 (base 16) to base 3.
21
1 (base 7) to base 13
1
Convert -2 (base 9) to base 3.
-2
What is 335 (base 7) in base 6?
445
-10 (base 5) to base 3
-12
29 (base 14) to base 9
41
Convert 11001100 (base 2) to base 5.
1304
220 (base 8) to base 2
10010000
Convert -17 (base 10) to base 4.
-101
What is -4 (base 11) in base 10?
-4
104 (base 5) to base 7
41
What is 28 (base 13) in base 14?
26
7 (base 16) to base 10
7
What is -1 (base 6) in base 16?
-1
What is -66 (base 13) in base 12?
-70
What is -10 (base 12) in base 16?
-c
Convert 3 (base 13) to base 4.
3
What is -104 (base 5) in base 12?
-25
Convert 10 (base 8) to base 13.
8
What is -119 (base 11) in base 12?
-b9
Convert 450 (base 6) to base 4.
2232
7e (base 15) to base 5
434
Convert 1a (base 16) to base 7.
35
26 (base 11) to base 7
40
Convert -1 (base 13) to base 4.
-1
Convert 1b (base 15) to base 4.
122
Convert 40 (base 5) to base 12.
18
What is 54 (base 9) in base 4?
301
Convert 1000100 (base 2) to base 11.
62
What is -43 (base 6) in base 15?
-1c
Convert 243 (base 5) to base 2.
1001001
22 (base 5) to base 10
12
Convert -201 (base 9) to base 10.
-163
What is -2 (base 13) in base 16?
-2
What is -12 (base 7) in base 15?
-9
Convert -234 (base 7) to base 2.
-1